git of k(-1)?
8
Suppose 14*v - 9*v - 1235 = 0. What is the tens digit of v?
4
What is the hundreds digit of (1066 - -17)*1/3?
3
Let d(s) be the third derivative of -s**6/120 + 3*s**5/20 + 7*s**4/24 + 5*s**3/3 - 9*s**2. What is the tens digit of d(9)?
7
Let z = 22 + -16. Suppose 4*c - z = c. Suppose -2*n = -2*x - 12, -c*x + 5 + 1 = 4*n. What is the units digit of n?
3
Let m(x) = -2*x**3 + 48*x**2 + 15*x + 26. What is the tens digit of m(24)?
8
Let z = 587 + -323. Suppose -4*f + 0*f - z = 2*n, 5*n + 687 = -f. Let m = -90 - n. What is the units digit of m?
8
Let k = -11 - -14. Suppose -k*l = 2*y - 17, l - 23 = -2*l + y. Let b(i) = -i**3 + 9*i**2 - 9*i + 8. What is the tens digit of b(l)?
4
Suppose 1882 + 702 = j + 4*l, 0 = -6*l - 30. What is the units digit of j?
4
Let q be -1 - (0 - (-1 + 20)). Suppose 0 = -28*t + 25*t - q. What is the tens digit of 483/9 + 4/t?
5
Suppose 5*o + w = -2*w + 457, -4*w + 364 = 4*o. Let c = o + -50. What is the units digit of c?
2
Suppose -177 - 47 = -4*a. Let d = a - -43. What is the tens digit of d?
9
Let r be (7 - 6)*(-21 - 1). What is the tens digit of ((-4)/(-6))/(r/(-429))?
1
Let m be -2 - ((-4 - -4) + -363). Suppose 3*f = 4*u - m, -2*u - u = f - 274. What is the units digit of u?
1
Let a = -17 - -21. Suppose 0 = -a*t + 8 + 4. Suppose -3*q - 3*y + 27 = 0, -3*q - 7*y + 26 = -t*y. What is the tens digit of q?
1
Let v = 0 - 0. What is the units digit of (8 - 4 - v) + 128?
2
What is the tens digit of (5/(-5) - (5 + -5)) + 750?
4
Suppose -16*n = -3*j - 15*n + 3043, -2*j = -5*n - 2033. What is the tens digit of j?
1
Suppose 487 = 2*j + 59. What is the units digit of j?
4
Let m = -2425 + 6312. What is the hundreds digit of m?
8
Let w(v) = -v**2 - 5*v - 5. Let z be (4 + (-33)/9)*-12. Let q be w(z). What is the units digit of -36*((-3)/(-6) + q)?
8
Suppose -o + 5*k = -10, 0 = -2*o - 3*o - 2*k + 50. Let r(j) = -j**2 + 11*j - 8. Let l be r(o). What is the tens digit of l/(-7) - 142/(-7)?
2
Let v(j) = 2*j**2 - 6*j - 5. Let a be v(5). Suppose 0 = 5*k + 2*c - a, -2*k + 2*c = -0*c - 20. Suppose -k*o + 42 + 73 = 0. What is the units digit of o?
3
Let a = -1105 - -1595. What is the units digit of a?
0
Suppose 73*x - 83*x + 8020 = 0. What is the tens digit of x?
0
Suppose -11*r - 48 - 40 = 0. Let z(m) be the third derivative of -m**4/12 + m**3/2 - m**2. What is the units digit of z(r)?
9
Let h be 4 + (-1)/(2/(-34)). Let m = h - 12. What is the units digit of m?
9
Let f be 9/(-18)*106*-1. Let h = f - 25. Let n = 60 - h. What is the units digit of n?
2
Let x = -7 - -26. Suppose -4*i = -i + 5*k - x, 4*i - 5*k = 37. What is the units digit of i?
8
Suppose f + 190 = -3*c + 463, -3*c + 9 = 0. What is the tens digit of f?
6
Suppose -4*s - 857 = p, -4*s + 3*p - 158 = 695. What is the units digit of (1 - (-15)/(-10))*s?
7
Let q = 35 - 19. Suppose -3*p - 8 = -m, 2*p = 3*m - m - q. Suppose 3*o + 200 = m*o. What is the tens digit of o?
4
Suppose 5*w = -4*f + 18, 2*f + 0*f = 4*w - 4. Suppose 0 = f*u + 10 - 22. What is the units digit of 1020/21 - u/(-14)?
9
Let y = 268 + -143. Let q = y + -55. What is the units digit of q?
0
Let o(d) = d**3 - 13*d**2 + 17*d + 3. Suppose 2*n + 0*n = 0. Suppose n = -4*z - 2*z + 72. What is the units digit of o(z)?
3
Let q be (-2 - 1)*20/(-15). Suppose 18 = q*d + 2. Suppose 8*n = 6*n + d. What is the units digit of n?
2
Suppose -2*d + 2*x + 3184 = 0, 5*d + 3561 = 4*x + 11524. What is the thousands digit of d?
1
Suppose 4*n + 6*p - 568 = 5*p, -3*n + 409 = 5*p. What is the tens digit of n?
4
Let b(k) = 13*k + 2 + 5 - 7*k + 4*k. Let j be b(3). Suppose -3*t = m - j, t + 2*t + 135 = 3*m. What is the tens digit of m?
4
Suppose 3*v = -2*v. Suppose 0 = -v*w - 3*w + 6. Suppose 3*f - 4*t - 58 = -w*t, 6 = -3*t. What is the tens digit of f?
1
Let a(s) = s**2 - 13*s + 4. Let y be a(11). What is the units digit of (6/y)/((-1)/51)?
7
Let t(d) be the third derivative of 11*d**4/12 - 17*d**3/6 + 2*d**2 + 38. What is the hundreds digit of t(6)?
1
Let i be (8/(-10))/(4/10). What is the units digit of (i*(-2)/12)/(47/11562)?
2
Let k = -13 + 25. Suppose -9*h = -5*h - k. Suppose -4*d = 4*v - 0*v - 160, -4*d + 165 = h*v. What is the units digit of d?
5
Suppose -5875 = -3*s - 1921. What is the hundreds digit of s?
3
Let p = 593 + -542. What is the tens digit of p?
5
Let b(w) be the third derivative of -w**6/120 + 4*w**5/15 + w**4/6 + w**3/2 - 5*w**2 + 8. Let a = 44 + -28. What is the tens digit of b(a)?
6
Suppose -21*i - 5*i = -3926. What is the tens digit of i?
5
Suppose a + z = 452, -27*a + 2*z = -32*a + 2266. What is the hundreds digit of a?
4
Suppose 3*v = 6*v - 2103. What is the tens digit of v?
0
Let c(b) = b**3 + 4*b**2 - 5*b - 3. Let x be c(-6). Let z be 1/4 - x/12. Let m = z + 1. What is the units digit of m?
5
Let c = -9 - -12. Suppose -4*h = -c - 9. Suppose -3*n = -3*v + 2*v - h, -n + v = 1. What is the units digit of n?
2
Suppose -3*f - 3699 = -3*n, n = 6*f - 3*f + 1231. What is the tens digit of n?
3
Let v be (-1 - 39) + (-6 + 5)*-1. Let s = 122 + v. What is the units digit of s?
3
What is the hundreds digit of (-123)/(7/(-26)*(-9)/(-21))?
0
Suppose -2*m + 444 = -402. What is the units digit of m?
3
Suppose -1516 = -5*v + 284. What is the hundreds digit of v?
3
Suppose 0 = -5*w + 5, 3*w = -0*a - 2*a + 173. Let g = a + -42. What is the tens digit of g?
4
What is the units digit of (-398)/4*96/(6 + -10)?
8
Let g = -328 + 1396. What is the thousands digit of g?
1
Suppose -574 = -6*z - z. Let w = -48 + z. What is the tens digit of w?
3
Let g(s) = -s**3 + 14*s**2 - 33*s + 27. Let v be g(13). Let n = v - -483. What is the hundreds digit of n?
2
Let m = 168 - 88. Suppose -42 = -4*p + 2*u, 5*p - m = 3*u - 6*u. What is the tens digit of p?
1
Let z(l) = -2*l - 3. Let v be z(-1). Let f(a) = -90*a + 3. What is the tens digit of f(v)?
9
Let s(n) = n + 3. Let j be s(2). Suppose j*g - 268 = 4*g - o, -2*g = o - 534. Suppose -2*v + g = 5*v. What is the tens digit of v?
3
Let u = 2698 + -1368. What is the hundreds digit of u?
3
Suppose 5*x + 5*p - 20 = 0, -3*x - 2*p = -0*p - 10. What is the units digit of ((-24)/(-9))/x*54?
2
Suppose 0 = 10*u + 14*u - 78408. What is the tens digit of u?
6
Suppose -10*s = -23*s + 9906. What is the units digit of s?
2
Let u = 94 - 91. What is the units digit of 48 + (11 - 6) + (-1 - u)?
9
Let o be (-15)/(-10)*8/6. Let d(y) = 2*y - 1. Let b be d(o). Suppose 0 = b*g - 0*g - 33. What is the tens digit of g?
1
Let m be 15/5 + 4 + 83. Let f(a) = a**3 + a + 151. Let j be f(0). Let r = j - m. What is the units digit of r?
1
Let z(p) = -58*p + 2. Let l be z(-3). Let w = l + -111. Suppose -2*m + w = 3*m. What is the units digit of m?
3
Let o = 27 - -368. What is the units digit of o?
5
Suppose -3*t = -2*w - 1762 - 1826, -5*t + 5*w + 5980 = 0. What is the tens digit of t?
9
Suppose 0*m = 4*m - 12. Suppose m - 11 = 4*v. Let c = v + 28. What is the units digit of c?
6
Let q(j) = 26*j + 22. Let b(i) = i + 8. Let y be b(-1). What is the hundreds digit of q(y)?
2
What is the tens digit of (-163)/(((-3)/(-30))/((-4)/8))?
1
Let j be (-454)/(-6) + (-3)/(-9). Let f = -29 + j. What is the tens digit of f?
4
Suppose -4*r + 10*r - 2628 = 0. What is the units digit of r?
8
Let x(p) = 3*p**2 + 3*p + 10. Let g = -2 + 7. What is the hundreds digit of x(g)?
1
Suppose 0 = -5*s + 4*w + 2705, 2*s = -s + w + 1630. What is the tens digit of s?
4
Let g = -68 - -61. Let j(v) = 2*v**2 + 6*v - 5. What is the tens digit of j(g)?
5
Suppose -3*m = -0*r - 5*r + 34, 3*r - m - 18 = 0. Let d(s) = 3*s + 3. Let z be d(r). Suppose -4*i + 62 = -z. What is the tens digit of i?
2
Let w be -6*4*1/(-6). Let c(f) = 59*f + 64. What is the hundreds digit of c(w)?
3
Let y = -68 + 73. Suppose -i - 137 = -5*q + 19, y*q - 2*i = 157. What is the units digit of q?
1
Let n be -1*1/(-2 + (-867)/(-433)). Let d = n - -615. What is the tens digit of d?
8
Let v = 769 - 566. What is the units digit of v?
3
Let d = 1346 + -889. What is the units digit of d?
7
Let z = -22 - -24. Suppose 41 = -r + z*r - 2*b, -b - 169 = -5*r. What is the units digit of r?
3
Let o = 53 - -2009. What is the hundreds digit of o?
0
Let i = -1856 - -2660. Let w = -492 + i. What is the units digit of w?
2
Let s(u) = -2*u**3 - u**2 - 1. Let l be s(-2). Suppose -l = -r - 5. Suppose r*b - 12 = 2*b.